base 12.
-85
What is 1010 (base 2) in base 10?
10
What is -12 (base 7) in base 3?
-100
What is -423 (base 6) in base 10?
-159
57 (base 11) to base 7
116
What is 10 (base 9) in base 10?
9
-246 (base 9) to base 15
-d9
-2 (base 5) to base 16
-2
8 (base 13) to base 10
8
-40 (base 7) to base 9
-31
Convert -8 (base 13) to base 6.
-12
1 (base 4) to base 12
1
-8a (base 14) to base 8
-172
b (base 16) to base 9
12
Convert 20 (base 14) to base 3.
1001
What is -17 (base 8) in base 7?
-21
Convert -120 (base 3) to base 5.
-30
What is -70 (base 14) in base 4?
-1202
1 (base 2) to base 6
1
What is -164 (base 15) in base 8?
-477
Convert -15 (base 9) to base 4.
-32
-250 (base 9) to base 16
-cf
Convert -5 (base 15) to base 2.
-101
What is -22 (base 5) in base 12?
-10
-3a (base 11) to base 15
-2d
1220 (base 3) to base 4
303
What is 222 (base 5) in base 14?
46
Convert -5 (base 10) to base 16.
-5
What is 3 (base 15) in base 10?
3
What is -33 (base 11) in base 2?
-100100
Convert 2a2 (base 11) to base 13.
213
Convert 58 (base 14) to base 7.
141
Convert -112 (base 3) to base 12.
-12
Convert -1 (base 7) to base 10.
-1
What is -237 (base 8) in base 11?
-135
Convert -5 (base 12) to base 8.
-5
-a4 (base 12) to base 16
-7c
Convert 66 (base 13) to base 2.
1010100
Convert -21 (base 4) to base 6.
-13
What is 10 (base 8) in base 3?
22
10 (base 2) to base 12
2
What is 16 (base 9) in base 2?
1111
What is 0 (base 4) in base 2?
0
Convert -2 (base 8) to base 11.
-2
-11 (base 6) to base 2
-111
What is -22 (base 3) in base 4?
-20
7 (base 9) to base 14
7
Convert -2e (base 15) to base 16.
-2c
Convert -5 (base 8) to base 3.
-12
-5 (base 10) to base 12
-5
Convert 6 (base 15) to base 11.
6
What is -3 (base 16) in base 3?
-10
b (base 14) to base 4
23
What is -10111000 (base 2) in base 5?
-1214
40 (base 6) to base 8
30
Convert 93 (base 12) to base 9.
133
What is -1 (base 14) in base 6?
-1
What is 1 (base 8) in base 10?
1
Convert -11000 (base 2) to base 6.
-40
What is 4 (base 15) in base 8?
4
Convert -2 (base 5) to base 7.
-2
Convert 47 (base 11) to base 9.
56
29 (base 10) to base 15
1e
What is -1 (base 12) in base 9?
-1
Convert 5 (base 13) to base 5.
10
-7 (base 11) to base 5
-12
Convert -13 (base 4) to base 9.
-7
What is 261 (base 7) in base 14?
a1
-10 (base 13) to base 12
-11
What is -36 (base 11) in base 4?
-213
Convert 43 (base 6) to base 4.
123
What is 15 (base 10) in base 14?
11
Convert 13 (base 11) to base 16.
e
e (base 15) to base 8
16
Convert 4 (base 8) to base 7.
4
Convert 1b (base 14) to base 3.
221
43 (base 7) to base 10
31
Convert -10111 (base 4) to base 8.
-425
-1011000 (base 2) to base 15
-5d
-60 (base 13) to base 9
-86
What is 55 (base 12) in base 5?
230
3 (base 9) to base 15
3
What is -5 (base 9) in base 4?
-11
Convert 7 (base 12) to base 10.
7
Convert -14 (base 11) to base 9.
-16
What is -1 (base 2) in base 13?
-1
-5e (base 16) to base 7
-163
5 (base 13) to base 4
11
Convert -193 (base 10) to base 13.
-11b
35 (base 6) to base 12
1b
-21 (base 12) to base 3
-221
Convert 10 (base 5) to base 3.
12
Convert -14 (base 13) to base 7.
-23
20 (base 4) to base 14
8
What is 11 (base 16) in base 11?
16
1001001 (base 2) to base 11
67
Convert -2 (base 15) to base 2.
-10
25 (base 10) to base 11
23
Convert -41 (base 12) to base 3.
-1211
Convert 0 (base 12) to base 5.
0
What is 0 (base 10) in base 13?
0
-1440 (base 5) to base 13
-15b
93 (base 10) to base 9
113
What is -2 (base 10) in base 7?
-2
Convert 32 (base 4) to base 11.
13
-6 (base 11) to base 13
-6
Convert -19 (base 11) to base 14.
-16
Convert 2 (base 9) to base 5.
2
What is 13 (base 5) in base 14?
8
Convert -2134 (base 5) to base 9.
-356
Convert 10 (base 2) to base 10.
2
212 (base 3) to base 10
23
-41 (base 6) to base 15
-1a
3 (base 13) to base 10
3
Convert -44 (base 10) to base 4.
-230
-3 (base 16) to base 8
-3
What is 77 (base 16) in base 14?
87
What is 41 (base 8) in base 6?
53
Convert 1 (base 7) to base 10.
1
-2 (base 6) to base 2
-10
What is 14 (base 12) in base 8?
20
Convert -68 (base 14) to base 7.
-161
Convert -4 (base 5) to base 13.
-4
What is 1 (base 15) in base 2?
1
What is -44 (base 12) in base 15?
-37
Convert 0 (base 2) to base 12.
0
What is 25 (base 12) in base 11?
27
Convert 12 (base 10) to base 5.
22
What is -200 (base 4) in base 12?
-28
What is 0 (base 12) in base 11?
0
1001 (base 2) to base 10
9
3 (base 5) to base 7
3
Convert -a4 (base 13) to base 5.
-1014
10 (base 5) to base 8
5
179 (base 10) to base 6
455
Convert -2 (base 14) to base 5.
-2
-2100 (base 4) to base 9
-170
Convert 0 (base 3) to base 12.
0
101 (base 9) to base 5
312
-4 (base 6) to base 13
-4
What is 1023 (base 5) in base 7?
255
0 (base 14) to base 10
0
76 (base 8) to base 4
332
What is 1120 (base 3) in base 6?
110
Convert 6 (base 15) to base 5.
11
What is 10 (base 3) in base 13?
3
Convert -4 (base 16) to base 2.
-100
What is 422 (base 6) in base 4?
2132
-222 (base 6) to base 15
-5b
What is 9 (base 15) in base 16?
9
What is -58 (base 14) in base 5?
-303
126 (base 7) to base 5
234
What is 28 (base 9) in base 7?
35
-32 (base 11) to base 15
-25
-2 (base 12) to base 11
-2
-16 (base 7) to base 16
-d
46 (base 16) to base 6
154
211 (base 4) to base 3
1101
3 (base 6) to base 13
3
3 (base 10) to base 3
10
What is -2 (base 10) in base 4?
-2
1010001 (base 2) to base 16
51
What is 0 (base 13) in base 16?
0
Convert -2 (base 11) to base 16.
-2
Convert 2b (base 15) to base 12.
35
16 (base 9) to base 6
23
What is 195 (base 10) in base 9?
236
39 (base 12) to base 4
231
Convert 32 (base 15) to base 9.
52
Convert -11 (base 3) to base 14.
-4
Convert -1a (base 13) to base 16.
-17
-24 (base 8) to base 16
-14
What is -1 (base 9) in base 3?
-1
What is 103 (base 9) in base 13?
66
What is 13 (base 10) in base 16?
d
What is -119 (base 11) in base 6?
-353
What is -110110 (base 2) in base 14?
-3c
What is 39 (base 14) in base 3?
1220
-163 (base 8) to base 16
-73
Convert 4 (base 8) to base 14.
4
Convert 3 (base 14) to base 8.
3
-31 (base 7) to base 2
-10110
7 (base 8) to base 11
7
Convert -2 (base 9) to base 11.
-2
14 (base 8) to base 6
20
Convert -13 (base 8) to base 10.
-11
110 (base 12) to base 5
1111
1 (base 15) to base 10
1
What is -3 (base 11) in base 10?
-3
Convert -12 (base 9) to base 2.
-1011
Convert 10100100 (base 2) to base 7.
323
What is -28 (base 11) in base 15?
-20
Convert -1 (base 13) to base 2.
-1
-35 (base 12) to base 3
-1112
What is 1001 (base 2) in base 4?
21
303 (base 5) to base 3
2220
What is -43 (base 11) in base 9?
-52
What is 1104 (base 5) in base 13?
bb
What is 4 (base 6) in base 2?
100
What is 2 (base 3) in base 12?
2
Convert -5 (base 10) to base 16.
-5
What is 31 (base 7) in base 2?
10110
What is 1 (base 3) in base 11?
1
What is 223 (base 4) in base 16?
2b
What is -1 (base 12) in base 9?
-1
Convert -100001001 (base 2) to base 15.
-12a
Convert -3 (base 16) to base 2.
-11
1100100 (base 2) to base 9
121
Convert -2 (base 15) to base 9.
-2
Convert -1 (base 5) to base 15.
-1
-60 (base 7) to base 16
-2a
-23 (base 5) to base 14
-d
What is -81 (base 12) in base 3?
-10121
Convert 1 (base 6) to base 13.
1
What is 2 (base 14) in base 15?
2
What is -140 (base 5) in base 3?
-1200
What is -1302 (base 4) in base 5?
-424
-5 (base 8) to base 10
-5
-250 (base 6) to base 11
-93
-19 (base 13) to base 5
-42
Convert -10100 (base 2) to base 12.
-18
Convert -403 (base 5) to base 3.
-10211
331 (base 5) to base 8
133
2a (base 14) to base 4
212
13 (base 14) to base 7
23
2 (base 16) to base 4
2
What is -5 (base 8) in base 11?
-5
Convert 3 (base 14) to base 6.
3
0 (base 4) to base 8
0
What is -1b (base 15) in base 14?
-1c
-d (base 15) to base 5
-23
Convert c (base 15) to base 10.
12
50 (base 14) to base 11
64
-167 (base 8) to base 16
-77
100100 (base 2) to base 14
28
Convert -23 (base 4) to base 11.
-10
Convert -10 (base 8) to base 16.
-8
What is 0 (base 15) in base 6?
0
Convert -101101100 (base 2) to base 6.
-1404
-110000 (base 2) to base 12
-40
141 (base 8) to base 4
1201
-61 (base 13) to base 7
-142
121 (base 3) to base 12
14
What is 1 (base 10) in base 11?
1
-12 (base 11) to base 10
-13
d (base 15) to base 7
16
What is 4 (base 12) in base 15?
4
What is -332 (base 8) in base 6?
-1002
Convert 4 (base 16) to base 11.
4
Convert 1 (base 6) to base 12.
1
119 (base 14) to base 7
432
W